. Let k(q) = -2 + 2*q - q - 6 - h. Give k(8).
-3
Let a = 95 + -88. Let c(m) = m**3 - 7*m**2 - 6. Determine c(a).
-6
Suppose -4*j = 5*n - 41, -2*n - 2*n + 2*j = -12. Suppose -25 + n = 5*a. Let t(r) = r**2 + 7*r + 6. Determine t(a).
-6
Let o(w) = w**2 + 14*w - 11. Suppose -h = -2*q + 17, 6*h + 2*q = 3*h - 43. What is o(h)?
4
Suppose -119*y + 23 + 453 = 0. Let p(q) = -q**3 + 3*q**2 + 2*q + 7. Determine p(y).
-1
Let u be (15 - 10)*2/(-10) - -5. Let d(s) be the third derivative of 0*s + 1/120*s**6 + 1/3*s**3 + 0 - 7/60*s**5 + 6*s**2 + 7/24*s**u. Determine d(6).
8
Let x(z) = -z**3 + 7*z**2 - 5*z - 4. Let y = 17 + -44. Let v = 33 + y. Give x(v).
2
Let g(o) = -1 + 1041*o**2 + 5 + 0 - 1037*o**2 - o**3. Let v be ((0 + -1)*-4)/1. Determine g(v).
4
Let p = 13 - 11. Let h(b) = -2 - 2*b**p + 3*b - 10*b**3 - 12*b**3 + 21*b**3. Give h(-3).
-2
Let k(t) = -2*t**2 + 13*t + 7. Let c be k(7). Suppose c = -b - b + 6. Let a(d) = b - 1 + 2 - 2 + 2*d + d**2. Give a(-2).
2
Let k(s) = -s**3 - 7*s**2 - 5*s + 6. Let m be (3/(-5))/((-1)/5). Suppose 4 = 5*r - m*r. Let j be (-1)/(1/3)*r. Calculate k(j).
0
Let r(o) = o**2 + 6*o - 5. Let q be r(1). Let i(l) = -q*l**2 + 2*l - 25 - 4*l + 21. What is i(-3)?
-16
Let v be (0 - 1)/(8/(-32)). Let o(g) = -g**3 + 3*g**2 + 4*g + 4. Let w be o(v). Let p(f) = 2*f - 2. Determine p(w).
6
Let f(g) = g**3 - 5*g**2 + 10*g - 29. Let v be (-1)/(473/44 - 11). Give f(v).
-5
Let n(m) = -4*m**2 - 2*m - 3. Let p = 0 - -4. Let z(i) = 4*i**2 + i + 2. Let t(b) = p*z(b) + 3*n(b). Let q be (-10)/(-30)*3/(-1). Give t(q).
5
Let z(h) = h**2 + 4*h - 3. Let d(w) = 3*w - 2*w + 13*w**2 + 2 - 1 + 0. Let t be d(1). Let f = t - 21. Give z(f).
9
Suppose 4*k - 4 = -3*w - 1, 0 = 4*w + k - 17. Let v(r) = -r + 24. Calculate v(w).
19
Suppose 3*y = 2*y - 30. Let j = 13 + -22. Let f be y/j + 1/(-3). Let w(t) = -t. What is w(f)?
-3
Suppose 3*v + 8 = 4*u, -u + v - 2*v + 9 = 0. Suppose -p + 40 = -u*p. Let l = -5 - p. Let d(q) = q**3 - 6*q**2 + 3*q + 7. What is d(l)?
-3
Suppose 0 = 2*q - 3*s - 13, 3*q + 14 = 5*q - 4*s. Let o(j) = -j**2 + 8*j + 4. Determine o(q).
19
Let s(x) = x + 12. Let o be s(-6). Let l(g) = 1 + g - 8 + o - 2*g. Give l(5).
-6
Let l(r) = -2*r - 1. Let d(z) = 58*z**2 - 121*z**2 + 1 + 2*z + 62*z**2. Let j be d(3). Determine l(j).
3
Suppose 5*z - 10 = -5. Let f(g) = z + 8*g**3 - 570*g**2 + 570*g**2. Calculate f(1).
9
Let n(o) = o**3 - 5*o**2 - 7*o + 9. Let h be n(6). Suppose h*z - 6 = -0. Let u(g) = 5*g - 5*g**z - 2*g**2 - 3 + 6*g**2. Calculate u(5).
-3
Let f(x) be the second derivative of x**7/2520 - 7*x**6/720 + x**5/120 + 3*x**4/4 + x. Let u(q) be the third derivative of f(q). What is u(6)?
-5
Let t(z) be the first derivative of z**3/3 - 5*z**2/2 + z + 319. Determine t(5).
1
Suppose 0 = -5*z + 2*h + 18, -4*z + 5 = -5*h - 6. Suppose -6 = -m - z. Let a(y) = 2*y**3 - 2*y. Calculate a(m).
12
Let q(c) = -4*c**3 - 3*c**2 - 62017 + c**3 - 62013 + 124032. Suppose -4*l = -0 + 20. Let m = l + 3. Determine q(m).
14
Let r(y) be the second derivative of y**5/10 + y**4/4 - y**3/3 + y**2 + 47*y. Give r(-3).
-19
Let g(k) = k**3 - 6*k**2 - 7*k + 2. Suppose -147 = -6*a - a. Let w be 1 - 9/a - (-90)/14. What is g(w)?
2
Let p = -39 - -45. Let b be 5/(-6)*4/p*-9. Let n(w) = -w**2 + 4*w - 2. Calculate n(b).
-7
Let c(z) = -2*z**2 - 26*z - 39. Let u be c(-11). Let o(q) = q - 14. Give o(u).
-9
Let d(u) be the second derivative of u**5/4 + u**4/3 + 4*u**3/3 - 11*u**2/2 - 4*u. Let t(s) = s**3 + s - 1. Let n(f) = d(f) - 6*t(f). Give n(4).
3
Let i(m) = -9*m - 9*m**2 - 1 + 10*m**2 - 2*m + 10*m. Determine i(3).
5
Suppose -5*m + 13 = -2. Let p(i) = 5*i**2 + 0*i**2 - m*i**2 - i - 3*i**2 - 1 - 2*i**3. Let q be 138/(-42) - -3 - (-10)/(-14). Determine p(q).
1
Suppose 0 = -3*h + 5*h - 18. Let t(r) = -12*r + 20*r + r**2 - h*r. Determine t(-4).
20
Let f(c) = -c**3 + 13*c**2 - 13*c - 9. Let k = -1902 - -1914. Determine f(k).
-21
Let p(z) = z - 9. Let g = -564 - -573. Give p(g).
0
Suppose -2*u - 14 = 4*n, 2*u + 4*n + n = -19. Suppose 6 = u*q - 3. Let o(t) = t**q + 7 - 4*t + 3*t - 7*t**2 + 5*t. Calculate o(6).
-5
Let w be (8/(-6))/((-14)/189). Let l(d) = d**2 - 16*d - 19. Let a be l(w). Let q = a - 16. Let o(j) = -12*j + 1. Give o(q).
-11
Suppose 55*u = 57*u + 14. Let n(t) = -2*t. Let j be n(-2). Let k(p) = -3*p**2 + 2*p + 11*p**2 + j + p**3 - p**2. What is k(u)?
-10
Let i(a) be the second derivative of a**4/12 - 3*a**2/2 - 21*a. Let w be (5 - (-12)/(-4)) + (-3 - 2). Give i(w).
6
Let r = -62 + 29. Let k be 2/(-11) - 39/r. Let b(w) be the second derivative of -7*w**4/12 - w**3/3 + w**2/2 - 61*w. Give b(k).
-8
Let g = -22 - -20. Let t(x) = -x + 1. Determine t(g).
3
Suppose 4*f - 23 + 3 = 0. Let p(v) be the third derivative of v**4/6 - 5*v**3/6 - 399*v**2. Determine p(f).
15
Let f(l) be the third derivative of -l**6/120 + l**5/60 + 19*l**3/6 + 87*l**2. Give f(0).
19
Let b(u) be the second derivative of -u**4/12 - u**3/3 + 7*u**2/2 - 3*u. What is b(-5)?
-8
Let r be -6 - (60/(-33) + 2/(-11)). Let v(d) = 2 - 2*d + 0 + 5*d. Determine v(r).
-10
Let b(h) be the third derivative of h**5/60 - h**4/8 - 4*h**3/3 - 315*h**2. Give b(6).
10
Suppose 9*j + 21 = 16*j. Let k(s) be the first derivative of 6 + 1/3*s**j - 1/2*s**2 - 1/4*s**4 + 2*s. What is k(0)?
2
Let c(t) = -10*t - 102. Let a be c(-10). Let z(r) = -r**3 + r**2 - 2*r - 1. What is z(a)?
15
Let f(p) = -p - 19. Let l be f(-15). Let g(o) = 37*o - 5. Let b(x) = 13*x - 2. Let c(q) = -17*b(q) + 6*g(q). Calculate c(l).
0
Let i = 1287 + -1286. Let m(j) = -19*j**3 + j**2 - 1. Calculate m(i).
-19
Let q(f) = f. Let u(k) = 3*k + 15. Let z(s) = 6*q(s) - u(s). Let n be z(7). Let t(a) = -1 + 4*a - n + 3. Determine t(4).
12
Let j(v) be the first derivative of -v**2 - 5*v - 1. Let u(w) = w - 1. Suppose q - 92 = -91. Let x(t) = q*j(t) - 3*u(t). Determine x(-2).
8
Let o be (-8)/(-16)*2*5. Let m(q) = -q - 3. Let i be m(o). Let x(g) = -g - 11. Determine x(i).
-3
Let j(f) be the first derivative of 3*f**2/2 + 7*f + 35. Give j(-8).
-17
Let z(l) = -17*l**2 - 21*l**2 + 39*l**2 + 4 - 6*l. Let a = -136 - -143. What is z(a)?
11
Let y(d) = -9*d**2 + 5*d + 4. Let z(k) = 5*k**2 + 2*k. Let m(l) = -y(l) - 2*z(l). Let x(r) = 2*r + 6. Let s be x(-6). Calculate m(s).
14
Let u(p) = -6*p - 859 + 860 + 3*p**2 + 5*p + 3*p. Suppose 3*q - d - 28 = 0, 2*d = 4*q + 6*d - 16. Let c = -9 + q. Determine u(c).
2
Let n(g) = -10 - 3*g**2 - 7*g + 0 - 3 - 4*g**2 + 8*g**2. What is n(9)?
5
Let n(a) be the second derivative of a**5/20 - 3*a**4/4 - 11*a**3/6 + 5*a**2 - 2*a - 22. What is n(10)?
0
Let c be 1*(-1)/(2/(-10)). Let v = 27 + c. Let r be 6/4*v/24. Let t(m) = 3*m**2 + 2*m + 1. Calculate t(r).
17
Suppose -12*y + 42 = -18*y. Let g(i) = i**3 + 7*i**2 + 8. What is g(y)?
8
Let g be (-30)/(-165) - 84/(-22). Let k(r) = 7*r**3 - 1 - 7*r + r + g*r. Suppose 0 = o + 1 - 0. What is k(o)?
-6
Let o = 506 + -494. Let p(c) = c - 15. Give p(o).
-3
Let q(v) = v**2 - v + 11. Let a be 4 + 2 + -2 + -1. Let o be 0/(((-28)/12 + 2)*a). What is q(o)?
11
Let g(n) = 2*n**3 - 4*n + 7*n - 4*n**2 + 2*n**3 - 1 - 5*n**3. Let o = 75 + -80. Determine g(o).
9
Let s(k) = k**2 - 2*k - 86. Let d(w) = w**2 - 24*w + 73. Let i be d(3). Determine s(i).
-6
Let l(v) = 3*v**3 - v**2 + v - 2. Let s(o) = -7*o**3 + 3*o**2 - 3*o + 5. Let n(k) = 9*l(k) + 4*s(k). Give n(3).
-7
Let o(z) = 7*z + 8. Let r(c) = 8*c + 10. Let v(h) = 3*o(h) - 2*r(h). What is v(3)?
19
Let u(b) be the second derivative of -19*b**5/20 - b**4/12 + b**3/3 - b**2/2 - 1613*b. Let g be (1 - 0)*-1 - -2. Calculate u(g).
-19
Let m(o) = o - 5. Suppose -3*n = -n - 84. Let j = n - 18. Suppose -2*r = -5*x - 12, 0*r - 5*x - j = r. Calculate m(r).
-9
Let k(b) = b**2 - 5*b + 4. Let o be k(4). Suppose -4*m + 14 = 2*q, 15*m - 10 = 10*m. Let g(d) = 5*d - 4 + o - q*d + 3. Calculate g(3).
5
Let b(y) = 1 + 99*y**2 - 214*y**2 + 109*y**2. What is b(-2)?
-23
Suppose l + 36 = 4*b, -3*l = 5*b - 8*l - 60. Suppose -b*u + 0*u + 16 = 0. Let p(s) = 2*s**3 - 2*s**2 - 2*s. Calculate p(u).
4
Let p(f) be the third derivative of 20*f**2 + 1/24*f**4 + 0 + 0*f + 4/3*f**3. Calculate p(0).
8
Let g(w) be the first derivative of -w**2 - 2*w + 1. Suppose -36*s + 125*s = -400 + 44. Determine g(s).
6
Suppose -2*o = 2*t - 4, -t = -2*t + 3*o - 10. Let x(c) be the second derivative of 4*c**3/3 - c. Determine x(t).
-8
Let o